+ 1196. Determine y(x).
-1
Let t(j) = -j**2 + 6*j - 1. Suppose 2*b = 6*b - 4. Let q(v) = -10*v. Let z be q(3). Let m be (z/(-45))/(b/6). What is t(m)?
7
Let d(r) be the second derivative of -r**5/20 + 7*r**4/12 + r**3/6 - 7*r**2 - 2*r - 195. Determine d(7).
-7
Let m(l) = -6*l - 57. Let a(n) = 9*n + 115. Let s(q) = 3*a(q) + 7*m(q). Calculate s(-4).
6
Let a(c) = 0 + 2*c + 54*c**3 + 3 - 55*c**3. What is a(3)?
-18
Let g(z) = -2 + 25*z - 14*z - 12*z. Determine g(9).
-11
Suppose 0 = 6*o - 0*o + 36. Let c(x) = x + 1. Let m(u) = -3*u + 2. Let y(r) = -4*c(r) - m(r). Give y(o).
0
Let o(t) = t**2 - 3*t + 2. Let u be o(3). Suppose 9 = 5*j - u*j. Let f = j + 3. Let s(y) = 2*y - 5. Calculate s(f).
7
Let u(k) be the second derivative of k**3/6 + 5*k**2/2 + 27*k. Suppose -5*n - 2*h - 6 = 0, -2*n - n - 5*h - 15 = 0. What is u(n)?
5
Suppose 2*b + 5*d = 40, 3*b + d - 38 = -d. Suppose 0 = -3*q - 4 + b. Let y(x) = -2*x + q + 2 - 5. Determine y(-1).
1
Let t = 18 + -12. Let x(b) = -b**2 - 2*b + 4. Let z(u) = -5*u**2 - 6*u + 18. Let m(q) = -9*x(q) + 2*z(q). Determine m(t).
0
Let f(h) be the third derivative of -h**5/30 + h**4/3 - h**3 + 319*h**2. Determine f(5).
-16
Let f(p) = -p + 11. Suppose 2*g + 3*q = 10, -3*q - 8 - 4 = 0. Determine f(g).
0
Let g(w) be the second derivative of -w**5/20 - 3*w**4/4 - w**3/2 - w**2/2 - 427*w. Calculate g(-8).
-41
Let y(k) = 5*k**3 - 3*k**2 + k - 13. Let d be 10 + -6 + -2*1. Let s(n) = -n**3 + n**2 + 3. Let b(z) = d*y(z) + 9*s(z). What is b(-3)?
-5
Let o(x) = -8*x**2 - 9*x**2 + 4 - x**2 - 2*x + 17*x**2. Calculate o(0).
4
Let v(l) be the second derivative of -l**4/6 - l**3/6 - l**2/2 - l. Let x(j) = 8*j + 47. Let g be x(-6). Determine v(g).
-2
Let n = 166 + -166. Let o(h) = h**2 - 13*h + 18. Let t be o(13). Let w(u) = -u**2 - 2*u + 2*u - u + 9 - t. Give w(n).
-9
Suppose 3*w = 5*w - 6. Let f(d) = d**3 + 5*d**2 + d + 7. Let z be f(-5). Let a(k) = k - 5*k + w*k - z. Determine a(3).
-5
Let f(n) = n**3 - 5*n**2 - 3*n - 8. Suppose 0*j = 3*j - 42. Suppose 0*k - 5*k - z + 26 = 0, 0 = k + 5*z + j. Give f(k).
10
Let u(i) be the second derivative of 3*i**3/2 - 3*i**2/2 + i + 2. Determine u(2).
15
Let t(g) = g**2 - 3*g - 7. Let l be (-1)/(4 - (-3 - -10))*-3. Let k(d) = d. Let v(w) = l*t(w) + 2*k(w). Determine v(5).
7
Let o(u) = -u**2 + u + 4*u**2 - 11*u**3 - u**2. Give o(-1).
12
Let l(k) be the second derivative of k**5/60 - 7*k**4/24 + k**3 + 2*k**2 - 8*k. Let g(z) be the first derivative of l(z). Determine g(6).
0
Let j(u) = u - 3*u + 0*u - u + 2. Let i = -2 - -2. Suppose i = -o + 6 - 1. What is j(o)?
-13
Suppose 0 = -3*s - 3*u + u + 20, -10 = -2*s + 2*u. Suppose -s*z + 12 = -0. Let y(w) = -5 + 1 - 4*w**2 - 2*w**z + 5*w + 7*w**2. Give y(-3).
-10
Let c(a) = -a**2 + 9*a - 10. Let z(x) = x**2 - 8*x + 11. Let l(v) = 6*c(v) + 5*z(v). Determine l(11).
28
Suppose 3*o - 3*y = -41 + 2, -o - 5*y + 17 = 0. Let j be o/((-2)/66*-3). Let g be 3/5 + j/(-20). Let d(m) = -m + 5. Determine d(g).
0
Let y(h) be the first derivative of 2*h**2 + 7*h - 10. Let i(g) = 3*g + 6. Let o(c) = -1. Let w(s) = -i(s) + o(s). Let p(v) = 5*w(v) + 4*y(v). Determine p(6).
-1
Let f(r) = -3*r**2 - 4*r - 3. Let n(w) = -w**2 - w + 1. Let t = -26 + 24. Let d(q) = t*n(q) + f(q). Calculate d(-4).
-13
Let d(f) = -3*f**2 + f - 1. Let y(r) = -16*r**2 + 3*r - 6. Let u(g) = 5*d(g) - y(g). Suppose 14 = -8*t - 2. Calculate u(t).
1
Let g(r) = -53*r - 12 + 19*r + 18*r + 18*r. Calculate g(6).
0
Let g(y) be the first derivative of 3*y**2/2 + 12*y + 162. Give g(-6).
-6
Suppose 0 = 4*u - 5*s - 18, 0 = 16*u - 13*u + s - 4. Let r(y) be the third derivative of 0*y**3 + 0*y + 6*y**u + 0 + 1/4*y**4. What is r(-2)?
-12
Let v(d) = 3*d**2 + d - 4. Let b(g) = -g**2 - g + 1. Let t(f) = -2*b(f) - v(f). Let k be t(3). Let w(i) = -i**3 - 4*i**2 + 3*i + 5. Calculate w(k).
-7
Let b(a) = -14*a + 2*a**2 + 0*a**2 - 5 - a**2 - 7*a + 11*a. Give b(10).
-5
Suppose u - 4*d = -d - 14, 0 = u - 5*d + 18. Let h(w) be the third derivative of w**6/120 + 3*w**5/20 + w**4/3 - w**3/6 + 4*w**2. Determine h(u).
-1
Let n(l) = 11*l + 9. Let f(t) = -5*t - 4. Let y(m) = 13*f(m) + 6*n(m). Let r be 0 + 2/4*0. Suppose r*d = 4*d - 16. Give y(d).
6
Let a be (-160)/(-26) + -6 - 892/52. Let i(o) = -o - 12. Calculate i(a).
5
Suppose -5 = -d - 4*o, 5*d + 19 = -0*o + 2*o. Let i be 2/3 + 29/d. Let p = i - -15. Let m(z) = -z**3 + 6*z**2 + 3. Give m(p).
3
Suppose -5*d - 6 = 2*n - 0*d, -d = n. Let c(o) = 0 + 4 - o**3 - o + o**2 - 7*o**n + 0. Let m(p) = p + 1. Let b be m(-6). What is c(b)?
-16
Let f(x) = -x**3 - 4*x**2 + 7*x + 7. Suppose 5*n - 4 + 34 = 0. Calculate f(n).
37
Let i(l) be the third derivative of 0 - 3*l**2 - 1/24*l**4 - 2/3*l**3 + 0*l. Determine i(-5).
1
Let u(t) = -t**2 + 7*t + 9. Let y be (35/(-15))/(1 + 8/(-9)). Let c = -13 - y. Calculate u(c).
1
Let t(d) = -d**3 + 3*d**2 - 3*d - 4. Let m = -1682 + 1685. What is t(m)?
-13
Let l(u) be the third derivative of -u**5/60 - 7*u**4/24 - 317*u**2. Determine l(-5).
10
Let k(h) = h**2 - 13*h - 2. Let t be (2 - 1)*(-7)/(-1) + 6. Give k(t).
-2
Let t(x) = -x**3 + x**2 - x + 8. Let v = 12 + 0. Let f = 1 + v. Suppose -f*j = -17*j. Determine t(j).
8
Let j(f) be the second derivative of 2*f**3 + 22*f. Let a be 26/22 + (-20)/110. Calculate j(a).
12
Suppose -4*t + 20 = 4*w, -5*t = -5*w + 5 - 30. Let d(l) = l**2 - 4*l - 16. Let f(h) = -h. Let k(v) = t*f(v) - d(v). Calculate k(0).
16
Let d(v) = -9*v - 1. Let w(g) = -25*g + 30. Let t(c) = 3*d(c) - w(c). Give t(-15).
-3
Suppose 10 = 2*a - 3*g, -a = -4*g - 0*g - 15. Let x(m) be the second derivative of -5*m**4/6 - m**3/6 + 2*m. Give x(a).
-9
Let x(c) = c - 8*c + 6 - 7. Let p = -10 - -9. Give x(p).
6
Let q = -199 - -205. Let x(v) = -2*v + 11. Determine x(q).
-1
Let j be ((-240)/56)/(3/(-14)). Suppose 2*x = 7*x + j. Let w(l) = -6 + 1 - l**2 + 3 - 3*l. Calculate w(x).
-6
Let g(u) = -u - u + 6*u**2 + u - 4*u**2. Suppose -l = -5*j + 6 + 5, -3*j = -6. Determine g(l).
3
Let w(r) = -2*r - 1. Let y(h) = h + 1. Let x(a) = -4*w(a) - 11*y(a). What is x(-17)?
44
Let v(w) = -w**3 + 4*w**2 + 5*w + 2. Let b(k) = 2*k + 1. Let o be b(0). Let l = 6 - o. Determine v(l).
2
Suppose 4*d = -3*n - 34, -n + 3*d = 5*d + 14. Let a(p) be the third derivative of -p**4/12 + 5*p**3/6 - p**2. Determine a(n).
17
Let n(j) = j**2 - 8*j + 9. Let f = -744 + 753. Give n(f).
18
Let y(a) = 2*a - 31. Let h(c) = -c + 18. Let g(x) = -11*h(x) - 6*y(x). Determine g(-10).
-2
Let s(p) be the second derivative of 5*p**4/12 + p**3/2 - 3*p**2/2 + 2*p - 32. Calculate s(1).
5
Suppose -4*p - 23 = 13. Let f(k) = -k**3 - 9*k**2 + 2. Let j be f(p). Let o(u) = 4*u**2 - 2*u + u**2 - 4*u**j. Give o(2).
0
Let g(b) = -14*b**2 - 62*b + 10. Let i(d) = 9*d**2 + 41*d - 7. Let f(t) = 5*g(t) + 8*i(t). Calculate f(-8).
-22
Let j(i) be the first derivative of -i**4/4 - 11*i**3/3 + 13*i**2/2 + 12*i - 120. Calculate j(-12).
0
Let r(w) = 0 - 2 + 4 + 3*w + 3. Let x = -32 - -34. Let y be (-1)/(x - (-21)/(-12)). Give r(y).
-7
Let d(r) = -147*r + 147. Let j be d(1). Let w(u) be the second derivative of -u**5/20 + u**3/6 + 3*u**2/2 + 2*u. Calculate w(j).
3
Let r(z) = -53*z - 585. Let v be r(-11). Let y(q) = 6*q + 18. Determine y(v).
6
Let y(t) = -2*t - 2. Suppose 0 = -4*j - 5*l + 55, -l = 5*j - 55 - 40. Let i be 26/(-5) + (-36)/j + 2. What is y(i)?
8
Let f(m) = 2*m**2 - 2*m + 3. Let h(w) = 11*w**2 - w + 40. Let p(t) = 5*f(t) - h(t). Give p(-6).
-7
Suppose 25*q - 43 = 157. Let j(b) = b - 14. Give j(q).
-6
Let s(n) = 6*n**3 + 2*n**2 - 2*n + 1. Suppose 0 = -3*t - 1 + 10. Suppose -15 = t*d - 6. Let r be (2/4)/(d/(-6)). Give s(r).
7
Let u be 14*((-6)/(-4))/3. Let v(r) = r**3 - 6*r**2 - 6*r - 3. Let d be v(u). Let h(g) = -g**3 + 3*g**2 + 2*g + 5. What is h(d)?
-3
Let n(u) be the second derivative of u**5/20 - 5*u**4/12 + u**3/3 + 3*u**2/2 + 7*u. Let j = 49 - 45. Determine n(j).
-5
Let b = 24 - -187. Let z(f) = -b*f**2 + 4*f + 212*f**2 + f - 4*f - 4. Calculate z(3).
8
Let v(r) be the second derivative of 22*r + 1/3*r**4 - 1/20*r**5 + 0 + 1/2*r**2 + 1/6*r**3. What is v(4)?
5
Suppose -5*i = 2*p + p - 40, 3*p - 5 = 2*i. Let b(r) be the second derivative of 0 + 1/6*r**3 - 21*r - 3*r**2. Calculate b(p).
-1
Let m(u) = -6*u - 23 + 36 - 3*u + 2*u**2 - u**2. Calculate m(4).
-7
Let c(z) = 17*z + 141. Let t be c(-8). Let n(h) = -h + 7. Calculate n(